
Let d be (2/(-8))/(6/(-24)). Let s(u) be the first derivative of 13*u**3/3 - u + 1. What is the units digit of s(d)?
2
Suppose 0 = 3*h + 2*h - 15. Let l(i) = i**2 - 1. What is the units digit of l(h)?
8
Let f = 8 - 13. Let h = f - -8. Suppose 4*z = -q + h*q + 38, -q + 26 = 3*z. What is the units digit of z?
9
Suppose s - 5*s + 12 = 0. Suppose 8 = s*a - 4, -5*a + 10 = -2*t. What is the units digit of t?
5
Let n = -7 - -8. Let r(u) = -20*u**2 - 14*u + 11. Let o(f) = -13*f**2 - 9*f + 7. Let z(q) = -8*o(q) + 5*r(q). What is the units digit of z(n)?
5
Let y(z) = -z**2 - 14*z - 16. Let w be y(-11). Let d = 2 + w. What is the units digit of d?
9
Suppose 8*k - 3*k + 5 = 0. Let b(r) = -r**3 + 5*r**2 - 5*r + 4. Let x be b(4). Let q = x - k. What is the units digit of q?
1
Let l(n) = n**2 + 10*n + 10. Suppose 0 = 2*z - z + 10. What is the units digit of l(z)?
0
Let y = 1 - 0. Let b be 12/(-3)*(y + -2). Suppose 4*a - 31 = 3*d, -3*d = 3*a - 1 + b. What is the units digit of a?
4
Let f = 0 - -18. Suppose -3*y - 4*r + 6 = -7, -2*y + 4*r + 2 = 0. Suppose 5*u + 0*i = -i + 54, -3*i = -y*u + f. What is the units digit of u?
0
Suppose -4*i + 0 = -32. Suppose 5*x = -0*x + g + i, -4*g + 16 = 4*x. Suppose 0 = 2*y + 10, 3*y = n - x*n - 11. What is the units digit of n?
4
Suppose -5*d = -j - 114, 2*d + 4*j = 64 - 14. What is the tens digit of d?
2
Let a = 549 - 267. What is the tens digit of a?
8
Let f(p) = p + 15. Let t be f(0). Let u = t + -6. What is the units digit of u?
9
Let h be -1 + 1 + -1 - -12. Suppose -9 = -z - 2*n, -4*z - 4*n + h = -n. Let c = 1 - z. What is the units digit of c?
2
Suppose q - 3*q + 50 = 0. Suppose -2*r = -2*g - 5*r + q, 0 = 3*r + 3. What is the tens digit of g?
1
Let r(v) = -v**3 - 5*v**2 - 2*v + 3. Let a be r(-4). Let c(j) = -j - 3. Let o be c(a). What is the units digit of -2 + 7/(-1 + o)?
5
Let c = 8 - 5. Suppose a + 2*d = 17, 0 = 3*a - 0*a + 2*d - 47. Suppose c*x + 3*t = a, -3*t + 10 = 4*x - 4*t. What is the units digit of x?
3
Let i = 5 - 10. What is the units digit of 3/(-15) - 36/i?
7
Let m(d) = 3*d**2 + 4*d + 2. Let v be m(-2). Let k be (-2)/6 - 2/3. Let l = v - k. What is the units digit of l?
7
Let m = -44 - -76. Suppose -2*k + m = 2. Suppose -4*q + 25 = -v - 2*v, -k = q - 5*v. What is the units digit of q?
0
Suppose 2*v + 2*v = 0. Suppose 4*w + f - 122 = 3*f, f + 1 = v. Suppose -w = -5*l + 3*g, g - 9 = -3*l + 9. What is the units digit of l?
6
Let m = 3 + 0. Suppose -5*s + 5*q + 105 = 0, m*s - q - 63 = -2*q. What is the units digit of s?
1
Suppose 63 = 2*i - i. What is the tens digit of i?
6
Suppose 0 = 5*i + 3*h + 6, i + i + 2*h = -4. Suppose 18 = v - 5*j, -1 = -v - 2*j + 17. Suppose -5*q + v + 12 = i. What is the units digit of q?
6
Let y(v) = v**2 - 5*v - 4. Let g be y(7). Let d(w) = w**2 - 10*w + 6. Let h be d(g). Let m(z) = -z**2 + 6*z + 4. What is the units digit of m(h)?
4
Let y(k) = -4*k + 1. Let x be y(2). Let a(u) = -5*u + 3. What is the units digit of a(x)?
8
Suppose 0 = -5*s + 5*a + 266 + 699, 2*a = 5*s - 953. What is the tens digit of s?
8
Let g(t) = -t**2 + t + 1. Let x be g(2). Let k be (1/x)/(2/(-14)). What is the units digit of 40/7 + 2/k?
6
Let d(p) = 2*p + 7. Let q(i) = 2*i + 8. Let b(f) = -3*d(f) + 2*q(f). What is the units digit of b(-4)?
3
Suppose 2*d + 0 = 2. Let k be (84/7)/(3 - d). What is the units digit of 40/6 + 2/k?
7
Suppose 3*r = r. Suppose 220 = -r*l + 5*l. What is the units digit of l?
4
Let b(c) be the third derivative of c**4/3 - c**3/3 + c**2. Let d be b(3). Suppose -d = -4*t + 2*t. What is the units digit of t?
1
Let y(b) = -b**3 + 18*b**2 + 17*b + 39. Let i be y(19). Suppose 14 = -0*k + 2*k. Suppose -k = -2*w + i. What is the units digit of w?
4
Let y = -17 - -22. Suppose y = -0*b + 5*b. What is the units digit of b?
1
Let o = 2 - 2. Suppose 10 = -o*x - x. Let n = x + 17. What is the units digit of n?
7
Suppose 0 = -5*u - 12 + 2. Let s(g) = 3*g**2 + 2*g - 1. What is the units digit of s(u)?
7
Suppose -3*b + 2*x + 3*x = -23, b - 5*x - 11 = 0. Let c be (-1 + -7)*b/(-8). Suppose 8 = -4*u - 3*n, 2*u - c*n = -2*n + 18. What is the units digit of u?
1
Suppose 4*r - 40 = -r. Suppose -k + 3 = -r. What is the units digit of k?
1
Suppose 0 = -5*g - 2*w + 450, 0 = -3*w + 15 - 0. What is the units digit of g?
8
Suppose f = 4*f - v - 22, -3*f + 3*v = -12. What is the units digit of 44/3*f/6?
2
Let u = 135 - 30. What is the units digit of u?
5
Suppose 2*r + 10 = 2*h, 21 = h + 4*h - r. Suppose -9 = -h*m - 1. Suppose -2*p = w - 22, -m*w + 7*w = -5*p + 85. What is the units digit of w?
2
Let s = 0 - -66. What is the tens digit of s?
6
Suppose -n - 3*n + 4 = 0. Suppose 19 = 2*a - n. What is the units digit of a?
0
Let b be (2 + -1)*5 + 1. What is the units digit of (2/b)/(4/48)?
4
Let w = -6 - -17. What is the units digit of w?
1
Suppose -7*m + m + 678 = 0. What is the hundreds digit of m?
1
Let m(z) = -5*z**3 - 2*z**2 - 2*z - 1. Let q be m(-1). Suppose -2*s = -3*u - 28, 4*s + q*u = -19 + 55. What is the tens digit of s?
1
Suppose -y + 4 = -3. Let s(t) = -t**2 + t. Let c be s(0). Let k = y - c. What is the units digit of k?
7
Let q(v) = 2*v**3 - 6*v**2 + 2*v + 22. What is the tens digit of q(5)?
3
Let b(k) = 2*k - 2. Let s be b(4). Suppose -4*p + 46 = s. Suppose -p + 13 = y. What is the units digit of y?
3
Suppose 4*s - 2*s - w = 33, s = -2*w + 4. Let k = s + -10. What is the units digit of k?
4
Let b(p) = -3*p - 26. What is the tens digit of b(-21)?
3
Suppose -t + 5*t = -m + 9, -t - m = 0. Suppose t*r = 84 + 60. What is the tens digit of r?
4
Let g = -11 - -4. Let k(f) = -f**3 - 6*f**2 + 4*f. What is the units digit of k(g)?
1
Let u(c) = -27*c - 6. What is the units digit of u(-3)?
5
Suppose -6*g + 2*g + j + 25 = 0, 0 = 2*j + 2. Suppose 50 = -s + g*s. What is the tens digit of s?
1
What is the units digit of (-2 + 3 + (3 - 6))*-8?
6
Suppose j - 2*h = 2*j + 2, 0 = -2*j + 2*h + 8. Let d = j + 20. Suppose -6*k - 4*g + d = -4*k, -3*k + 41 = 2*g. What is the units digit of k?
5
Suppose 4*x = 2*x. Suppose -3*p - 2*z = -2, x = -2*p + 2*z + 2*z - 20. Let t = 5 + p. What is the units digit of t?
3
Suppose -4*n + 19 + 14 = -3*c, -c + 5 = 0. Suppose 2*t - n = -2*t. Suppose 36 = -t*z + 5*z. What is the tens digit of z?
1
Let g(q) = -q + 8. Let v be g(0). Let w = -2 + v. What is the units digit of w?
6
Suppose -141 = -91*u + 90*u. What is the units digit of u?
1
Let r(z) = z**2 - 13*z - 20. Let s be r(15). Let q = 32 - s. What is the tens digit of q?
2
Suppose -v - 6 = -4*v. Let z = 8 + v. What is the tens digit of z?
1
Let a(k) = 4*k**2 - 3*k - 47. What is the tens digit of a(-6)?
1
What is the hundreds digit of 1/(-2) + 263/2?
1
Let w be 125/20 - 1/4. What is the units digit of (2 - 8/w)*3?
2
Let t(s) = -4*s + 3. Let b be t(-3). Suppose -110 = -4*c - 0*c - 2*v, c - b = -3*v. What is the tens digit of c?
3
Suppose 2*i = -0 + 6. Suppose 4*p - 3*z + 5*z = 44, -2*p + i*z = -14. Suppose 3*f = 3*r + 9, 2*f = -f + 2*r + p. What is the units digit of f?
4
Let f(q) = -4*q + 7. What is the units digit of f(-9)?
3
Let f be (-1)/(33/(-15) + 2). Suppose o - z + 3*z = 24, 0 = 5*z + f. What is the units digit of o?
6
Let r(p) = -3*p + 4*p - 2*p**3 + 1 - p**2 + 3*p**3. Suppose 5 = 5*d + 5*k, 3*d - 4*k - k + 5 = 0. What is the units digit of r(d)?
1
Let z be (-4)/8*(-1 + -1). Let r = z + 5. Let w = r - 0. What is the units digit of w?
6
Let h be 4/(1 + 0 - -1). Let z = 6 - h. What is the units digit of z?
4
Suppose 2*f = -f. Suppose 3*a - 54 = -f*a. What is the units digit of a?
8
Let x = 2 + -4. Let v be (x + 30)/2 - 0. Let d = v + -6. What is the units digit of d?
8
Suppose 2*f - 122 = 14. What is the tens digit of f?
6
Let q be -32 - (3/1 - 3). What is the units digit of ((-82)/(-3))/(q/(-48))?
1
Suppose 3*c + 33 - 6 = 0. Let q be (-2)/(-3)*3/(-2). Let m = q - c. What is the units digit of m?
8
Let r(i) = -21*i + 2. Let g be r(1). Let h = 41 + g. What is the tens digit of h?
2
Let d(k) = -2*k + 14. What is the tens digit of d(-9)?
3
Let u = 34 + -17. What is the tens digit of u?
1
Let m = 9 + -3. Suppose -s + 3*s - m = 0. What is the units digit of s?
3
Suppose -2*j - 5*d = -8, 5*j - 3*d + d - 20 = 0. Let o = -42 - -96. Suppose 0 = -4*p + 2*l + o, p - j*l = -2*p + 43. What is the tens digit of p?
1
Let h(y) = 316*y**2 - 13*y 